{"id":75918,"date":"2020-02-06T09:09:19","date_gmt":"2020-02-06T14:09:19","guid":{"rendered":"https:\/\/happylivingcenter.com\/?page_id=75918"},"modified":"2025-08-30T12:50:23","modified_gmt":"2025-08-30T17:50:23","slug":"sueroterapia","status":"publish","type":"page","link":"https:\/\/happylivingcenter.com\/index.php\/sueroterapia\/","title":{"rendered":"Sueroterapia"},"content":{"rendered":"\t\t<div data-elementor-type=\"wp-page\" data-elementor-id=\"75918\" class=\"elementor elementor-75918\" data-elementor-post-type=\"page\">\n\t\t\t\t\t\t<section class=\"elementor-section elementor-top-section elementor-element elementor-element-3d3564e elementor-section-content-middle elementor-section-boxed elementor-section-height-default elementor-section-height-default\" data-id=\"3d3564e\" data-element_type=\"section\">\n\t\t\t\t\t\t<div class=\"elementor-container elementor-column-gap-default\">\n\t\t\t\t\t<div class=\" elementor-column elementor-col-50 elementor-top-column elementor-element elementor-element-79dfc93\" data-fullscreen-column-settings=\"{&quot;fullscreen&quot;:&quot;&quot;}\" data-id=\"79dfc93\" data-element_type=\"column\">\n\t\t\t<div class=\"elementor-widget-wrap elementor-element-populated\">\n\t\t\t\t\t\t<div class=\"elementor-element elementor-element-28d4f06 elementor-widget elementor-widget-litho-heading\" data-id=\"28d4f06\" data-element_type=\"widget\" data-widget_type=\"litho-heading.default\">\n\t\t\t\t<div class=\"elementor-widget-container\">\n\t\t\t\t\t<span class=\"litho-heading elementor-size-default\"><span class=\"litho-primary-title\">\ud83d\udc89 Sueroterapia<\/span><\/span>\t\t\t\t<\/div>\n\t\t\t\t<\/div>\n\t\t\t\t<div class=\"elementor-element elementor-element-d8f943b elementor-widget__width-initial elementor-widget-tablet__width-initial elementor-widget-mobile__width-initial elementor-widget elementor-widget-litho-heading\" data-id=\"d8f943b\" data-element_type=\"widget\" data-widget_type=\"litho-heading.default\">\n\t\t\t\t<div class=\"elementor-widget-container\">\n\t\t\t\t\t<h4 class=\"litho-heading elementor-size-default\"><span class=\"litho-primary-title\">Herramienta poderosa para revitalizar tu cuerpo<\/span><\/h4>\t\t\t\t<\/div>\n\t\t\t\t<\/div>\n\t\t\t\t<div class=\"elementor-element elementor-element-91edec0 elementor-widget__width-initial elementor-widget-mobile__width-initial elementor-widget-tablet__width-initial elementor-widget elementor-widget-text-editor\" data-id=\"91edec0\" data-element_type=\"widget\" data-widget_type=\"text-editor.default\">\n\t\t\t\t\t\t\t\t\t<p>desde adentro. Mediante la aplicaci\u00f3n de sueros enriquecidos con vitaminas, minerales, amino\u00e1cidos y antioxidantes, tu organismo recibe directamente los nutrientes que necesita para funcionar al m\u00e1ximo nivel.<\/p>\t\t\t\t\t\t\t\t<\/div>\n\t\t\t\t<div class=\"elementor-element elementor-element-5c7524d elementor-widget elementor-widget-litho-heading\" data-id=\"5c7524d\" data-element_type=\"widget\" data-widget_type=\"litho-heading.default\">\n\t\t\t\t<div class=\"elementor-widget-container\">\n\t\t\t\t\t<h5 class=\"litho-heading elementor-size-default\"><span class=\"litho-primary-title\">\u00bfQu\u00e9 beneficios obtienes con la sueroterapia?<\/span><\/h5>\t\t\t\t<\/div>\n\t\t\t\t<\/div>\n\t\t\t\t<div class=\"elementor-element elementor-element-5d91d95 elementor-widget__width-initial elementor-widget-mobile__width-initial elementor-widget-tablet__width-inherit elementor-widget elementor-widget-text-editor\" data-id=\"5d91d95\" data-element_type=\"widget\" data-widget_type=\"text-editor.default\">\n\t\t\t\t\t\t\t\t\t<ul data-start=\"4116\" data-end=\"4465\"><li data-start=\"4116\" data-end=\"4180\"><p data-start=\"4118\" data-end=\"4180\">Refuerzo del sistema inmunol\u00f3gico, previniendo enfermedades.<\/p><\/li><li data-start=\"4181\" data-end=\"4253\"><p data-start=\"4183\" data-end=\"4253\">Incremento de energ\u00eda y vitalidad en periodos de cansancio o estr\u00e9s.<\/p><\/li><li data-start=\"4254\" data-end=\"4336\"><p data-start=\"4256\" data-end=\"4336\">Aceleraci\u00f3n en la recuperaci\u00f3n tras enfermedades o esfuerzos f\u00edsicos intensos.<\/p><\/li><li data-start=\"4337\" data-end=\"4392\"><p data-start=\"4339\" data-end=\"4392\">Mejora de la concentraci\u00f3n y el rendimiento mental.<\/p><\/li><li data-start=\"4393\" data-end=\"4465\"><p data-start=\"4395\" data-end=\"4465\">Retraso del envejecimiento celular gracias a su efecto antioxidante.<\/p><\/li><\/ul><p data-start=\"4467\" data-end=\"4623\">Lo mejor es que los efectos se sienten de manera inmediata, pues los nutrientes llegan directo a tu torrente sangu\u00edneo, sin pasar por procesos digestivos.<\/p><p data-start=\"4625\" data-end=\"4815\">\ud83d\udc9a <strong data-start=\"4628\" data-end=\"4813\">En Happy Living personalizamos cada sueroterapia de acuerdo a tus necesidades espec\u00edficas. Escr\u00edbenos y agenda tu cita para recargar tu energ\u00eda y cuidar tu salud de manera integral.<\/strong><\/p>\t\t\t\t\t\t\t\t<\/div>\n\t\t\t\t<div class=\"elementor-element elementor-element-683b14d elementor-widget elementor-widget-litho-button\" data-id=\"683b14d\" data-element_type=\"widget\" data-widget_type=\"litho-button.default\">\n\t\t\t\t<div class=\"elementor-widget-container\">\n\t\t\t\t\t\t\t\t\t<div class=\"elementor-button-wrapper litho-button-wrapper\">\n\t\t\t\t\t<a class=\"elementor-button-link elementor-button elementor-size-md \" href=\"https:\/\/happylivingcenter.com\/agendar\/\" role=\"button\">\n\t\t\t\t\t\t\t\t\t<span class=\"elementor-button-content-wrapper\">\n\t\t\t\t\t\t\t\t<span class=\"elementor-button-icon elementor-align-icon-right\">\n\t\t\t\t\t<i aria-hidden=\"true\" class=\" icon-feather-arrow-right\"><\/i>\t\t\t\t<\/span>\n\t\t\t\t\t\t\t\t\t\t\t\t\t<span class=\"elementor-button-text\">Rerserve si cita Ahora<\/span>\n\t\t\t\t\t\t\t<\/span>\n\t\t\t\t\t\t\t\t\t<span class=\"screen-reader-text\">Button<\/span>\n\t\t\t\t\t<\/a>\n\t\t\t\t<\/div>\n\t\t\t\t\t\t\t<\/div>\n\t\t\t\t<\/div>\n\t\t\t\t\t<\/div>\n\t\t<\/div>\n\t\t\t\t<div class=\" elementor-column elementor-col-50 elementor-top-column elementor-element elementor-element-61bcbf8\" data-fullscreen-column-settings=\"{&quot;fullscreen&quot;:&quot;&quot;}\" data-id=\"61bcbf8\" data-element_type=\"column\">\n\t\t\t<div class=\"elementor-widget-wrap elementor-element-populated\">\n\t\t\t\t\t\t<div class=\"elementor-element elementor-element-2d56612 elementor-widget elementor-widget-litho-image-offset-shadow\" data-id=\"2d56612\" data-element_type=\"widget\" data-widget_type=\"litho-image-offset-shadow.default\">\n\t\t\t\t<div class=\"elementor-widget-container\">\n\t\t\t\t\t\t\t\t\t<div class=\"image-back-offset-shadow width-100\">\n\t\t\t\t\t<img decoding=\"async\" src=\"https:\/\/happylivingcenter.com\/wp-content\/uploads\/2025\/08\/SUERO.jpg\" alt=\"SUERO\"  srcset=\"https:\/\/happylivingcenter.com\/wp-content\/uploads\/2025\/08\/SUERO.jpg 768w, https:\/\/happylivingcenter.com\/wp-content\/uploads\/2025\/08\/SUERO-300x300.jpg 300w, https:\/\/happylivingcenter.com\/wp-content\/uploads\/2025\/08\/SUERO-150x150.jpg 150w, https:\/\/happylivingcenter.com\/wp-content\/uploads\/2025\/08\/SUERO-600x600.jpg 600w, https:\/\/happylivingcenter.com\/wp-content\/uploads\/2025\/08\/SUERO-100x100.jpg 100w\" sizes=\"(max-width: 768px) 100vw, 768px\" \/>\t\t\t\t\t<span class=\"overlay\"><\/span>\n\t\t\t\t<\/div>\n\t\t\t\t\t\t\t\t<\/div>\n\t\t\t\t<\/div>\n\t\t\t\t\t<\/div>\n\t\t<\/div>\n\t\t\t\t\t<\/div>\n\t\t<\/section>\n\t\t\t\t<\/div>\n\t\t","protected":false},"excerpt":{"rendered":"<p>\ud83d\udc89 Sueroterapia Herramienta poderosa para revitalizar tu cuerpo desde adentro. Mediante la aplicaci\u00f3n de sueros enriquecidos con vitaminas, minerales, amino\u00e1cidos y antioxidantes, tu organismo recibe directamente los nutrientes que necesita para funcionar al m\u00e1ximo nivel. \u00bfQu\u00e9 beneficios obtienes con la sueroterapia? Refuerzo del sistema inmunol\u00f3gico, previniendo enfermedades. Incremento de energ\u00eda y vitalidad en periodos de [&hellip;]<\/p>\n","protected":false},"author":1,"featured_media":0,"parent":0,"menu_order":172,"comment_status":"closed","ping_status":"closed","template":"","meta":{"footnotes":""},"class_list":["post-75918","page","type-page","status-publish","hentry"],"_links":{"self":[{"href":"https:\/\/happylivingcenter.com\/index.php\/wp-json\/wp\/v2\/pages\/75918","targetHints":{"allow":["GET"]}}],"collection":[{"href":"https:\/\/happylivingcenter.com\/index.php\/wp-json\/wp\/v2\/pages"}],"about":[{"href":"https:\/\/happylivingcenter.com\/index.php\/wp-json\/wp\/v2\/types\/page"}],"author":[{"embeddable":true,"href":"https:\/\/happylivingcenter.com\/index.php\/wp-json\/wp\/v2\/users\/1"}],"replies":[{"embeddable":true,"href":"https:\/\/happylivingcenter.com\/index.php\/wp-json\/wp\/v2\/comments?post=75918"}],"version-history":[{"count":7,"href":"https:\/\/happylivingcenter.com\/index.php\/wp-json\/wp\/v2\/pages\/75918\/revisions"}],"predecessor-version":[{"id":75937,"href":"https:\/\/happylivingcenter.com\/index.php\/wp-json\/wp\/v2\/pages\/75918\/revisions\/75937"}],"wp:attachment":[{"href":"https:\/\/happylivingcenter.com\/index.php\/wp-json\/wp\/v2\/media?parent=75918"}],"curies":[{"name":"wp","href":"https:\/\/api.w.org\/{rel}","templated":true}]}}