{"id":75919,"date":"2020-02-06T09:09:19","date_gmt":"2020-02-06T14:09:19","guid":{"rendered":"https:\/\/happylivingcenter.com\/?page_id=75919"},"modified":"2025-08-30T12:50:14","modified_gmt":"2025-08-30T17:50:14","slug":"terapia-de-ondas","status":"publish","type":"page","link":"https:\/\/happylivingcenter.com\/index.php\/terapia-de-ondas\/","title":{"rendered":"Terapia de Ondas"},"content":{"rendered":"\t\t<div data-elementor-type=\"wp-page\" data-elementor-id=\"75919\" class=\"elementor elementor-75919\" data-elementor-post-type=\"page\">\n\t\t\t\t\t\t<section class=\"elementor-section elementor-top-section elementor-element elementor-element-3d3564e elementor-section-content-middle elementor-section-boxed elementor-section-height-default elementor-section-height-default\" data-id=\"3d3564e\" data-element_type=\"section\">\n\t\t\t\t\t\t<div class=\"elementor-container elementor-column-gap-default\">\n\t\t\t\t\t<div class=\" elementor-column elementor-col-50 elementor-top-column elementor-element elementor-element-79dfc93\" data-fullscreen-column-settings=\"{&quot;fullscreen&quot;:&quot;&quot;}\" data-id=\"79dfc93\" data-element_type=\"column\">\n\t\t\t<div class=\"elementor-widget-wrap elementor-element-populated\">\n\t\t\t\t\t\t<div class=\"elementor-element elementor-element-28d4f06 elementor-widget elementor-widget-litho-heading\" data-id=\"28d4f06\" data-element_type=\"widget\" data-widget_type=\"litho-heading.default\">\n\t\t\t\t<div class=\"elementor-widget-container\">\n\t\t\t\t\t<span class=\"litho-heading elementor-size-default\"><span class=\"litho-primary-title\">\ud83c\udf0a Terapia de Ondas<\/span><\/span>\t\t\t\t<\/div>\n\t\t\t\t<\/div>\n\t\t\t\t<div class=\"elementor-element elementor-element-d8f943b elementor-widget__width-initial elementor-widget-tablet__width-initial elementor-widget-mobile__width-initial elementor-widget elementor-widget-litho-heading\" data-id=\"d8f943b\" data-element_type=\"widget\" data-widget_type=\"litho-heading.default\">\n\t\t\t\t<div class=\"elementor-widget-container\">\n\t\t\t\t\t<h4 class=\"litho-heading elementor-size-default\"><span class=\"litho-primary-title\">uno de los avances m\u00e1s efectivos en est\u00e9tica y medicina regenerativa<\/span><\/h4>\t\t\t\t<\/div>\n\t\t\t\t<\/div>\n\t\t\t\t<div class=\"elementor-element elementor-element-91edec0 elementor-widget__width-initial elementor-widget-mobile__width-initial elementor-widget-tablet__width-initial elementor-widget elementor-widget-text-editor\" data-id=\"91edec0\" data-element_type=\"widget\" data-widget_type=\"text-editor.default\">\n\t\t\t\t\t\t\t\t\t<p>Utiliza ondas ac\u00fasticas que penetran en los tejidos, activando procesos de reparaci\u00f3n celular y mejorando la circulaci\u00f3n. Es un tratamiento no invasivo, indoloro y seguro, ideal para quienes buscan resultados naturales sin someterse a cirug\u00edas.<\/p>\t\t\t\t\t\t\t\t<\/div>\n\t\t\t\t<div class=\"elementor-element elementor-element-5c7524d elementor-widget elementor-widget-litho-heading\" data-id=\"5c7524d\" data-element_type=\"widget\" data-widget_type=\"litho-heading.default\">\n\t\t\t\t<div class=\"elementor-widget-container\">\n\t\t\t\t\t<h5 class=\"litho-heading elementor-size-default\"><span class=\"litho-primary-title\">Beneficios:<\/span><\/h5>\t\t\t\t<\/div>\n\t\t\t\t<\/div>\n\t\t\t\t<div class=\"elementor-element elementor-element-5d91d95 elementor-widget__width-initial elementor-widget-mobile__width-initial elementor-widget-tablet__width-inherit elementor-widget elementor-widget-text-editor\" data-id=\"5d91d95\" data-element_type=\"widget\" data-widget_type=\"text-editor.default\">\n\t\t\t\t\t\t\t\t\t<ul data-start=\"3087\" data-end=\"3335\"><li data-start=\"3087\" data-end=\"3139\"><p data-start=\"3089\" data-end=\"3139\">Reducci\u00f3n de la celulitis y la grasa localizada.<\/p><\/li><li data-start=\"3140\" data-end=\"3193\"><p data-start=\"3142\" data-end=\"3193\">Mejora del tono muscular y la firmeza de la piel.<\/p><\/li><li data-start=\"3194\" data-end=\"3258\"><p data-start=\"3196\" data-end=\"3258\">Estimulaci\u00f3n de col\u00e1geno y elastina para una piel m\u00e1s joven.<\/p><\/li><li data-start=\"3259\" data-end=\"3335\"><p data-start=\"3261\" data-end=\"3335\">Disminuci\u00f3n de dolores musculares, contracturas y molestias articulares.<\/p><\/li><\/ul><p data-start=\"3337\" data-end=\"3508\">La terapia de ondas no solo se enfoca en lo est\u00e9tico, tambi\u00e9n es muy \u00fatil en <strong data-start=\"3414\" data-end=\"3439\">rehabilitaci\u00f3n f\u00edsica<\/strong>, ya que estimula la recuperaci\u00f3n de tejidos y mejora la movilidad.<\/p><p data-start=\"3510\" data-end=\"3757\">\ud83d\udc86\u200d\u2640\ufe0f <strong data-start=\"3516\" data-end=\"3755\">En Happy Living la utilizamos como parte de nuestros planes integrales de salud y est\u00e9tica, siempre adaptados a tus necesidades. Escr\u00edbenos y agenda tu cita para descubrir los beneficios de la terapia de ondas en tu cuerpo y bienestar.<\/strong><\/p>\t\t\t\t\t\t\t\t<\/div>\n\t\t\t\t<div class=\"elementor-element elementor-element-6a0702d elementor-widget elementor-widget-litho-drop-cap\" data-id=\"6a0702d\" data-element_type=\"widget\" data-widget_type=\"litho-drop-cap.default\">\n\t\t\t\t<div class=\"elementor-widget-container\">\n\t\t\t\t\t\t\t\t<div class=\"elementor-text-editor elementor-clearfix\"><p data-start=\"5434\" data-end=\"5635\">La hidrolipoclasia no solo te ayuda a transformar tu cuerpo, tambi\u00e9n refuerza tu confianza y autoestima. Al combinarla con un acompa\u00f1amiento nutricional y emocional, los resultados son m\u00e1s duraderos.<\/p><p data-start=\"5637\" data-end=\"5831\">\u2728 <strong data-start=\"5639\" data-end=\"5829\">En Happy Living realizamos la hidrolipoclasia con protocolos seguros y personalizados para cada paciente. Escr\u00edbenos ahora y agenda tu cita para dar el primer paso hacia tu nueva figura.<\/strong><\/p><\/div> \t\t\t\t\t\t\t<\/div>\n\t\t\t\t<\/div>\n\t\t\t\t<div class=\"elementor-element elementor-element-683b14d elementor-widget elementor-widget-litho-button\" data-id=\"683b14d\" data-element_type=\"widget\" data-widget_type=\"litho-button.default\">\n\t\t\t\t<div class=\"elementor-widget-container\">\n\t\t\t\t\t\t\t\t\t<div class=\"elementor-button-wrapper litho-button-wrapper\">\n\t\t\t\t\t<a class=\"elementor-button-link elementor-button elementor-size-md \" href=\"https:\/\/happylivingcenter.com\/agendar\/\" role=\"button\">\n\t\t\t\t\t\t\t\t\t<span class=\"elementor-button-content-wrapper\">\n\t\t\t\t\t\t\t\t<span class=\"elementor-button-icon elementor-align-icon-right\">\n\t\t\t\t\t<i aria-hidden=\"true\" class=\" icon-feather-arrow-right\"><\/i>\t\t\t\t<\/span>\n\t\t\t\t\t\t\t\t\t\t\t\t\t<span class=\"elementor-button-text\">Rerserve si cita Ahora<\/span>\n\t\t\t\t\t\t\t<\/span>\n\t\t\t\t\t\t\t\t\t<span class=\"screen-reader-text\">Button<\/span>\n\t\t\t\t\t<\/a>\n\t\t\t\t<\/div>\n\t\t\t\t\t\t\t<\/div>\n\t\t\t\t<\/div>\n\t\t\t\t\t<\/div>\n\t\t<\/div>\n\t\t\t\t<div class=\" elementor-column elementor-col-50 elementor-top-column elementor-element elementor-element-61bcbf8\" data-fullscreen-column-settings=\"{&quot;fullscreen&quot;:&quot;&quot;}\" data-id=\"61bcbf8\" data-element_type=\"column\">\n\t\t\t<div class=\"elementor-widget-wrap elementor-element-populated\">\n\t\t\t\t\t\t<div class=\"elementor-element elementor-element-2d56612 elementor-widget elementor-widget-litho-image-offset-shadow\" data-id=\"2d56612\" data-element_type=\"widget\" data-widget_type=\"litho-image-offset-shadow.default\">\n\t\t\t\t<div class=\"elementor-widget-container\">\n\t\t\t\t\t\t\t\t\t<div class=\"image-back-offset-shadow width-100\">\n\t\t\t\t\t<img decoding=\"async\" src=\"https:\/\/happylivingcenter.com\/wp-content\/uploads\/2025\/08\/ONDAS.jpg\" alt=\"HyperFocal: 0\"  srcset=\"https:\/\/happylivingcenter.com\/wp-content\/uploads\/2025\/08\/ONDAS.jpg 2215w, https:\/\/happylivingcenter.com\/wp-content\/uploads\/2025\/08\/ONDAS-300x299.jpg 300w, https:\/\/happylivingcenter.com\/wp-content\/uploads\/2025\/08\/ONDAS-1024x1021.jpg 1024w, https:\/\/happylivingcenter.com\/wp-content\/uploads\/2025\/08\/ONDAS-150x150.jpg 150w, https:\/\/happylivingcenter.com\/wp-content\/uploads\/2025\/08\/ONDAS-768x766.jpg 768w, https:\/\/happylivingcenter.com\/wp-content\/uploads\/2025\/08\/ONDAS-1536x1532.jpg 1536w, https:\/\/happylivingcenter.com\/wp-content\/uploads\/2025\/08\/ONDAS-2048x2042.jpg 2048w, https:\/\/happylivingcenter.com\/wp-content\/uploads\/2025\/08\/ONDAS-1568x1564.jpg 1568w, https:\/\/happylivingcenter.com\/wp-content\/uploads\/2025\/08\/ONDAS-600x598.jpg 600w, https:\/\/happylivingcenter.com\/wp-content\/uploads\/2025\/08\/ONDAS-100x100.jpg 100w\" sizes=\"(max-width: 2215px) 100vw, 2215px\" \/>\t\t\t\t\t<span class=\"overlay\"><\/span>\n\t\t\t\t<\/div>\n\t\t\t\t\t\t\t\t<\/div>\n\t\t\t\t<\/div>\n\t\t\t\t\t<\/div>\n\t\t<\/div>\n\t\t\t\t\t<\/div>\n\t\t<\/section>\n\t\t\t\t<\/div>\n\t\t","protected":false},"excerpt":{"rendered":"<p>\ud83c\udf0a Terapia de Ondas uno de los avances m\u00e1s efectivos en est\u00e9tica y medicina regenerativa Utiliza ondas ac\u00fasticas que penetran en los tejidos, activando procesos de reparaci\u00f3n celular y mejorando la circulaci\u00f3n. Es un tratamiento no invasivo, indoloro y seguro, ideal para quienes buscan resultados naturales sin someterse a cirug\u00edas. Beneficios: Reducci\u00f3n de la celulitis [&hellip;]<\/p>\n","protected":false},"author":1,"featured_media":0,"parent":0,"menu_order":172,"comment_status":"closed","ping_status":"closed","template":"","meta":{"footnotes":""},"class_list":["post-75919","page","type-page","status-publish","hentry"],"_links":{"self":[{"href":"https:\/\/happylivingcenter.com\/index.php\/wp-json\/wp\/v2\/pages\/75919","targetHints":{"allow":["GET"]}}],"collection":[{"href":"https:\/\/happylivingcenter.com\/index.php\/wp-json\/wp\/v2\/pages"}],"about":[{"href":"https:\/\/happylivingcenter.com\/index.php\/wp-json\/wp\/v2\/types\/page"}],"author":[{"embeddable":true,"href":"https:\/\/happylivingcenter.com\/index.php\/wp-json\/wp\/v2\/users\/1"}],"replies":[{"embeddable":true,"href":"https:\/\/happylivingcenter.com\/index.php\/wp-json\/wp\/v2\/comments?post=75919"}],"version-history":[{"count":7,"href":"https:\/\/happylivingcenter.com\/index.php\/wp-json\/wp\/v2\/pages\/75919\/revisions"}],"predecessor-version":[{"id":75934,"href":"https:\/\/happylivingcenter.com\/index.php\/wp-json\/wp\/v2\/pages\/75919\/revisions\/75934"}],"wp:attachment":[{"href":"https:\/\/happylivingcenter.com\/index.php\/wp-json\/wp\/v2\/media?parent=75919"}],"curies":[{"name":"wp","href":"https:\/\/api.w.org\/{rel}","templated":true}]}}