{"id":95,"date":"2020-02-06T09:09:19","date_gmt":"2020-02-06T09:09:19","guid":{"rendered":"https:\/\/litho.themezaa.com\/?page_id=95"},"modified":"2025-08-30T12:22:22","modified_gmt":"2025-08-30T17:22:22","slug":"hidrolipoclasia","status":"publish","type":"page","link":"https:\/\/happylivingcenter.com\/index.php\/hidrolipoclasia\/","title":{"rendered":"Hidrolipoclasia"},"content":{"rendered":"\t\t<div data-elementor-type=\"wp-page\" data-elementor-id=\"95\" class=\"elementor elementor-95\" data-elementor-post-type=\"page\">\n\t\t\t\t\t\t<section class=\"elementor-section elementor-top-section elementor-element elementor-element-3d3564e elementor-section-content-middle elementor-section-boxed elementor-section-height-default elementor-section-height-default\" data-id=\"3d3564e\" data-element_type=\"section\">\n\t\t\t\t\t\t<div class=\"elementor-container elementor-column-gap-default\">\n\t\t\t\t\t<div class=\" elementor-column elementor-col-50 elementor-top-column elementor-element elementor-element-79dfc93\" data-fullscreen-column-settings=\"{&quot;fullscreen&quot;:&quot;&quot;}\" data-id=\"79dfc93\" data-element_type=\"column\">\n\t\t\t<div class=\"elementor-widget-wrap elementor-element-populated\">\n\t\t\t\t\t\t<div class=\"elementor-element elementor-element-28d4f06 elementor-widget elementor-widget-litho-heading\" data-id=\"28d4f06\" data-element_type=\"widget\" data-widget_type=\"litho-heading.default\">\n\t\t\t\t<div class=\"elementor-widget-container\">\n\t\t\t\t\t<span class=\"litho-heading elementor-size-default\"><span class=\"litho-primary-title\">\u2696\ufe0f Hidrolipoclasia<\/span><\/span>\t\t\t\t<\/div>\n\t\t\t\t<\/div>\n\t\t\t\t<div class=\"elementor-element elementor-element-d8f943b elementor-widget__width-initial elementor-widget-tablet__width-initial elementor-widget-mobile__width-initial elementor-widget elementor-widget-litho-heading\" data-id=\"d8f943b\" data-element_type=\"widget\" data-widget_type=\"litho-heading.default\">\n\t\t\t\t<div class=\"elementor-widget-container\">\n\t\t\t\t\t<h4 class=\"litho-heading elementor-size-default\"><span class=\"litho-primary-title\">Si buscas reducir grasa localizada de manera efectiva y sin cirug\u00eda<\/span><\/h4>\t\t\t\t<\/div>\n\t\t\t\t<\/div>\n\t\t\t\t<div class=\"elementor-element elementor-element-91edec0 elementor-widget__width-initial elementor-widget-mobile__width-initial elementor-widget-tablet__width-initial elementor-widget elementor-widget-text-editor\" data-id=\"91edec0\" data-element_type=\"widget\" data-widget_type=\"text-editor.default\">\n\t\t\t\t\t\t\t\t\tla hidrolipoclasia es tu mejor opci\u00f3n. Este procedimiento consiste en la infiltraci\u00f3n de una soluci\u00f3n especial en la zona deseada, seguida de la aplicaci\u00f3n de ultrasonido, lo que provoca la destrucci\u00f3n de c\u00e9lulas grasas que luego son eliminadas naturalmente por tu organismo.\t\t\t\t\t\t\t\t<\/div>\n\t\t\t\t<div class=\"elementor-element elementor-element-5c7524d elementor-widget elementor-widget-litho-heading\" data-id=\"5c7524d\" data-element_type=\"widget\" data-widget_type=\"litho-heading.default\">\n\t\t\t\t<div class=\"elementor-widget-container\">\n\t\t\t\t\t<h5 class=\"litho-heading elementor-size-default\"><span class=\"litho-primary-title\">Beneficios de la hidrolipoclasia:<\/span><\/h5>\t\t\t\t<\/div>\n\t\t\t\t<\/div>\n\t\t\t\t<div class=\"elementor-element elementor-element-5d91d95 elementor-widget__width-initial elementor-widget-mobile__width-initial elementor-widget-tablet__width-inherit elementor-widget elementor-widget-text-editor\" data-id=\"5d91d95\" data-element_type=\"widget\" data-widget_type=\"text-editor.default\">\n\t\t\t\t\t\t\t\t\t<ul><li data-start=\"5230\" data-end=\"5292\"><p data-start=\"5232\" data-end=\"5292\">Reducci\u00f3n de medidas en abdomen, brazos, muslos y espalda.<\/p><\/li><li data-start=\"5293\" data-end=\"5342\"><p data-start=\"5295\" data-end=\"5342\">Moldeo de la figura con resultados naturales.<\/p><\/li><li data-start=\"5343\" data-end=\"5390\"><p data-start=\"5345\" data-end=\"5390\">Procedimiento ambulatorio, seguro y r\u00e1pido.<\/p><\/li><li data-start=\"5391\" data-end=\"5432\"><p data-start=\"5393\" data-end=\"5432\">Recuperaci\u00f3n corta y sin incapacidad.<\/p><\/li><\/ul>\t\t\t\t\t\t\t\t<\/div>\n\t\t\t\t<div class=\"elementor-element elementor-element-6a0702d elementor-widget elementor-widget-litho-drop-cap\" data-id=\"6a0702d\" data-element_type=\"widget\" data-widget_type=\"litho-drop-cap.default\">\n\t\t\t\t<div class=\"elementor-widget-container\">\n\t\t\t\t\t\t\t\t<div class=\"elementor-text-editor elementor-clearfix\"><p data-start=\"5434\" data-end=\"5635\">La hidrolipoclasia no solo te ayuda a transformar tu cuerpo, tambi\u00e9n refuerza tu confianza y autoestima. Al combinarla con un acompa\u00f1amiento nutricional y emocional, los resultados son m\u00e1s duraderos.<\/p><p data-start=\"5637\" data-end=\"5831\">\u2728 <strong data-start=\"5639\" data-end=\"5829\">En Happy Living realizamos la hidrolipoclasia con protocolos seguros y personalizados para cada paciente. Escr\u00edbenos ahora y agenda tu cita para dar el primer paso hacia tu nueva figura.<\/strong><\/p><\/div> \t\t\t\t\t\t\t<\/div>\n\t\t\t\t<\/div>\n\t\t\t\t<div class=\"elementor-element elementor-element-683b14d elementor-widget elementor-widget-litho-button\" data-id=\"683b14d\" data-element_type=\"widget\" data-widget_type=\"litho-button.default\">\n\t\t\t\t<div class=\"elementor-widget-container\">\n\t\t\t\t\t\t\t\t\t<div class=\"elementor-button-wrapper litho-button-wrapper\">\n\t\t\t\t\t<a class=\"elementor-button-link elementor-button elementor-size-md \" href=\"https:\/\/happylivingcenter.com\/agendar\/\" role=\"button\">\n\t\t\t\t\t\t\t\t\t<span class=\"elementor-button-content-wrapper\">\n\t\t\t\t\t\t\t\t<span class=\"elementor-button-icon elementor-align-icon-right\">\n\t\t\t\t\t<i aria-hidden=\"true\" class=\" icon-feather-arrow-right\"><\/i>\t\t\t\t<\/span>\n\t\t\t\t\t\t\t\t\t\t\t\t\t<span class=\"elementor-button-text\">Rerserve si cita Ahora<\/span>\n\t\t\t\t\t\t\t<\/span>\n\t\t\t\t\t\t\t\t\t<span class=\"screen-reader-text\">Button<\/span>\n\t\t\t\t\t<\/a>\n\t\t\t\t<\/div>\n\t\t\t\t\t\t\t<\/div>\n\t\t\t\t<\/div>\n\t\t\t\t\t<\/div>\n\t\t<\/div>\n\t\t\t\t<div class=\" elementor-column elementor-col-50 elementor-top-column elementor-element elementor-element-61bcbf8\" data-fullscreen-column-settings=\"{&quot;fullscreen&quot;:&quot;&quot;}\" data-id=\"61bcbf8\" data-element_type=\"column\">\n\t\t\t<div class=\"elementor-widget-wrap elementor-element-populated\">\n\t\t\t\t\t\t<div class=\"elementor-element elementor-element-2d56612 elementor-widget elementor-widget-litho-image-offset-shadow\" data-id=\"2d56612\" data-element_type=\"widget\" data-widget_type=\"litho-image-offset-shadow.default\">\n\t\t\t\t<div class=\"elementor-widget-container\">\n\t\t\t\t\t\t\t\t\t<div class=\"image-back-offset-shadow width-100\">\n\t\t\t\t\t<img decoding=\"async\" src=\"https:\/\/happylivingcenter.com\/wp-content\/uploads\/2025\/08\/HIDROLIPOCLASIAHappy.jpg\" alt=\"HIDROLIPOCLASIAHappy\"  srcset=\"https:\/\/happylivingcenter.com\/wp-content\/uploads\/2025\/08\/HIDROLIPOCLASIAHappy.jpg 600w, https:\/\/happylivingcenter.com\/wp-content\/uploads\/2025\/08\/HIDROLIPOCLASIAHappy-300x200.jpg 300w\" sizes=\"(max-width: 600px) 100vw, 600px\" \/>\t\t\t\t\t<span class=\"overlay\"><\/span>\n\t\t\t\t<\/div>\n\t\t\t\t\t\t\t\t<\/div>\n\t\t\t\t<\/div>\n\t\t\t\t<div class=\"elementor-element elementor-element-39cfe19 elementor-widget elementor-widget-litho-image-offset-shadow\" data-id=\"39cfe19\" data-element_type=\"widget\" data-widget_type=\"litho-image-offset-shadow.default\">\n\t\t\t\t<div class=\"elementor-widget-container\">\n\t\t\t\t\t\t\t\t\t<div class=\"image-back-offset-shadow width-100\">\n\t\t\t\t\t<img decoding=\"async\" src=\"https:\/\/happylivingcenter.com\/wp-content\/uploads\/2025\/08\/3.jpg\" alt=\"3\"  srcset=\"https:\/\/happylivingcenter.com\/wp-content\/uploads\/2025\/08\/3.jpg 1080w, https:\/\/happylivingcenter.com\/wp-content\/uploads\/2025\/08\/3-240x300.jpg 240w, https:\/\/happylivingcenter.com\/wp-content\/uploads\/2025\/08\/3-819x1024.jpg 819w, https:\/\/happylivingcenter.com\/wp-content\/uploads\/2025\/08\/3-768x960.jpg 768w, https:\/\/happylivingcenter.com\/wp-content\/uploads\/2025\/08\/3-300x375.jpg 300w, https:\/\/happylivingcenter.com\/wp-content\/uploads\/2025\/08\/3-600x750.jpg 600w\" sizes=\"(max-width: 1080px) 100vw, 1080px\" \/>\t\t\t\t\t<span class=\"overlay\"><\/span>\n\t\t\t\t<\/div>\n\t\t\t\t\t\t\t\t<\/div>\n\t\t\t\t<\/div>\n\t\t\t\t\t<\/div>\n\t\t<\/div>\n\t\t\t\t\t<\/div>\n\t\t<\/section>\n\t\t\t\t<\/div>\n\t\t","protected":false},"excerpt":{"rendered":"<p>\u2696\ufe0f Hidrolipoclasia Si buscas reducir grasa localizada de manera efectiva y sin cirug\u00eda la hidrolipoclasia es tu mejor opci\u00f3n. Este procedimiento consiste en la infiltraci\u00f3n de una soluci\u00f3n especial en la zona deseada, seguida de la aplicaci\u00f3n de ultrasonido, lo que provoca la destrucci\u00f3n de c\u00e9lulas grasas que luego son eliminadas naturalmente por tu organismo. [&hellip;]<\/p>\n","protected":false},"author":1,"featured_media":0,"parent":0,"menu_order":172,"comment_status":"closed","ping_status":"closed","template":"","meta":{"footnotes":""},"class_list":["post-95","page","type-page","status-publish","hentry"],"_links":{"self":[{"href":"https:\/\/happylivingcenter.com\/index.php\/wp-json\/wp\/v2\/pages\/95","targetHints":{"allow":["GET"]}}],"collection":[{"href":"https:\/\/happylivingcenter.com\/index.php\/wp-json\/wp\/v2\/pages"}],"about":[{"href":"https:\/\/happylivingcenter.com\/index.php\/wp-json\/wp\/v2\/types\/page"}],"author":[{"embeddable":true,"href":"https:\/\/happylivingcenter.com\/index.php\/wp-json\/wp\/v2\/users\/1"}],"replies":[{"embeddable":true,"href":"https:\/\/happylivingcenter.com\/index.php\/wp-json\/wp\/v2\/comments?post=95"}],"version-history":[{"count":16,"href":"https:\/\/happylivingcenter.com\/index.php\/wp-json\/wp\/v2\/pages\/95\/revisions"}],"predecessor-version":[{"id":75721,"href":"https:\/\/happylivingcenter.com\/index.php\/wp-json\/wp\/v2\/pages\/95\/revisions\/75721"}],"wp:attachment":[{"href":"https:\/\/happylivingcenter.com\/index.php\/wp-json\/wp\/v2\/media?parent=95"}],"curies":[{"name":"wp","href":"https:\/\/api.w.org\/{rel}","templated":true}]}}